 -1350*s + 1555*s = 19713620. List the prime factors of s.
2, 29, 829
Suppose 14*w - 10091 - 148207 = 0. What are the prime factors of w?
3, 3769
What are the prime factors of 23310434/1309 + -3*6/(-99)?
2, 3, 7, 53
Suppose -3*f - 88 = -4*c + 26, 3*f + 87 = 3*c. Suppose 4*r - 188 = -0*p - 4*p, r - 135 = -3*p. Suppose c = o - p. What are the prime factors of o?
71
Let m = 11027 + -6405. What are the prime factors of m?
2, 2311
Let l(p) = -1498*p - 805. List the prime factors of l(-7).
3, 7, 461
Let l(r) be the first derivative of 7*r**2/2 + 9*r - 260. Let x be 10 - 3/(6/4). What are the prime factors of l(x)?
5, 13
Let i = -49 + 59. Let z be 24/15*i/(-8)*-2. Suppose -5*n + 2*b + 844 = 0, -4*b - 692 = -z*n - 8*b. List the prime factors of n.
2, 5, 17
Let a = 2824 - -32597. What are the prime factors of a?
3, 11807
Let d(j) = 30*j + 3. Let c(y) = -y. Let q(k) = -4*c(k) - d(k). Let g(z) = -27*z - 4. Let b(p) = -4*g(p) + 3*q(p). What are the prime factors of b(4)?
127
Let o(u) = -u**2 - u + 950. Suppose -20*r + 12*r = -6*r. What are the prime factors of o(r)?
2, 5, 19
Suppose -11*y = -95 - 15. List the prime factors of (0 + (-4)/y)/((-32)/41920).
2, 131
Let c(v) = -2*v**2 - v - 1. Let g be c(-3). What are the prime factors of ((-712)/g)/(((-5)/(-4))/5)?
2, 89
Let r = 21 - 25. Let y be 9/r*14304/(-36). Suppose y = 19*z - 13*z. What are the prime factors of z?
149
Suppose 13*w - 60 = -2*w. What are the prime factors of w/3*(-3249)/(-6)?
2, 19
Let i(a) = 16*a**2 - 14*a - 2. Let d = 98 - 103. What are the prime factors of i(d)?
2, 3, 13
Let b = 179203 + -120487. What are the prime factors of b?
2, 3, 7, 233
Let d be (-2 + (-267)/6)*4/(-6). Let h = 43 - d. Suppose -4*w = 5*j - h - 28, -3*w + 3*j + 57 = 0. What are the prime factors of w?
3, 5
Let u(m) = 263*m + 134. Let r be u(8). Suppose -a - 915 = -5*b - r, -b - 6615 = -5*a. List the prime factors of a.
3, 7
Let t be 2/9 - 511/(-9). Let n be t/4 - (-2)/(-1 - 7). Suppose n*b - 620 = 9*b. List the prime factors of b.
2, 31
Let o(k) = 113*k**2 - 25*k + 234. List the prime factors of o(11).
2, 3, 71
Let c(i) = i**3 - 2*i. Let m be c(0). Let n = 17 - m. Suppose 0 = u - n - 127. List the prime factors of u.
2, 3
Suppose 0 = -u + 2*u + 36. Let x be (-4328)/u + (-6)/27. Let b = -61 + x. What are the prime factors of b?
59
Let t = -59 - -58. Let v be (72 + -4 - 5) + t. Let u = v + -23. What are the prime factors of u?
3, 13
Let i(g) = 69*g - 20. Suppose -25*a = -8*a - 170. Let f = a - 7. What are the prime factors of i(f)?
11, 17
Suppose -3*o = 2*j - 12589, 116*j + 5*o = 121*j - 31485. What are the prime factors of j?
2, 787
Let y(z) be the first derivative of 2*z**3/3 + 10*z**2 - 16*z - 16. Suppose -2*x + 6*x + s + 39 = 0, 0 = x + 5*s - 14. What are the prime factors of y(x)?
2, 3
Suppose -27 = -5*u + 3*s - 740, -5*u - 706 = 4*s. Let p = 190 + u. List the prime factors of p.
2, 3
Let i = 3193 - 1991. Suppose 5*q = -2*o - 795, -q + i = -3*o + q. What are the prime factors of (-1)/((-4)/9)*o/(-15)?
2, 3, 5
Suppose -41 = -12*k + 7. Suppose 2*s = 10, 4*w - k*s = -w. What are the prime factors of (3 - w)*(4 + -119)?
5, 23
Suppose -6*y - 2*y = 40. Let k(i) = 31*i**2 + 7*i + 5. Let d be k(y). Suppose -6*n = -d + 61. List the prime factors of n.
2, 3, 19
Let u(l) = -2*l - 2. Let v be u(-1). Suppose v = i + 9 - 14. Suppose 161 = i*a - 14. What are the prime factors of a?
5, 7
Let b(s) = 18*s + 802. Let m be b(-51). Let c = -107 + 233. Let k = m + c. What are the prime factors of k?
2, 5
Let w = -5 - -17. Suppose -w*n + 603 = -1785. List the prime factors of n.
199
Suppose -i - 176 = -9*i. Suppose -i*l + 77 = -21*l. Suppose 2*b = l + 51. List the prime factors of b.
2
Suppose -3*w + 32 = 20. Let t(s) = -w + 6*s**3 - 17*s + 1 - 5*s**3 - 4*s**2. What are the prime factors of t(9)?
3, 83
Let g be 2527/28 - 2/8. Let c = 94 - g. Suppose -c*s + 820 = -3*z, 2*z - 488 - 127 = -3*s. What are the prime factors of s?
5, 41
What are the prime factors of (-9796 - 10)/((-3)/6*4)?
4903
Suppose -6*q + 161627 = -q + 3*t, 129346 = 4*q - 5*t. What are the prime factors of q?
11, 2939
Let u = -760 - -764. Suppose 4*i + 1117 - 125 = u*z, 3*i + 499 = 2*z. List the prime factors of z.
5, 7
Suppose -g = 2*t - 13786, -6*g + 34465 = 5*t - 4*g. What are the prime factors of t?
61, 113
Let y(u) = 4030*u - 3404. List the prime factors of y(5).
2, 3, 2791
Suppose 15*a + 752 = 1922. What are the prime factors of 13/a - 2195/(-6)?
2, 3, 61
Let d = 10614 - -4202. What are the prime factors of d?
2, 463
Let c(o) = o**2 - 6*o + 6. Let h be c(14). Let q(t) = 4*t**3 + 5*t + 2. Let i be q(-2). Let b = h + i. What are the prime factors of b?
2, 3, 13
Suppose -1652*n = -1660*n - 6632. Let u = 1039 - n. List the prime factors of u.
2, 467
Suppose -3*j = -15, 7*j + 14265 + 4936 = 4*w. What are the prime factors of w?
3, 7, 229
Suppose 34*l + 24527 = 73759. List the prime factors of (-1)/(7 + (-10138)/l).
2, 181
Let r = -16 + 22. Let p be ((-20)/r)/((-26)/39). Suppose p*v = 184 + 51. List the prime factors of v.
47
Let f(g) = 5*g**2 + 86*g + 963. List the prime factors of f(-47).
2, 7, 569
Let y = 22 - 25. Let b = y - -27. Suppose -28*r + 64 = -b*r. List the prime factors of r.
2
Suppose l - 6 = -2*l. Suppose 0 = -c + 6*c, 0 = l*g - 2*c - 792. List the prime factors of g.
2, 3, 11
Let x be 1*8/14 - 34/(-14). Suppose 7*r = -v + 3*r + 14, 3*r - 9 = 0. What are the prime factors of (-1)/(x/(-165)) - v?
53
Let u(h) = -h**2 + 24*h + 24. Let s be u(24). Suppose -b + 5*b - 4*g = s, -3 = 3*g. Suppose -b*j + 670 = 205. List the prime factors of j.
3, 31
Let u = -180 - -122. Let y(q) = -q**3 - q**2 + 228. Let k be y(0). Let d = k + u. What are the prime factors of d?
2, 5, 17
Suppose 0 = -10*p + 661 + 125539. What are the prime factors of p?
2, 5, 631
Let t(b) = b**3 - 14*b**2 + 14*b - 17. Let f be t(13). Let o(w) = -5*w + 52. What are the prime factors of o(f)?
2, 3
Suppose 196*w - 539482 - 35974 = 0. What are the prime factors of w?
2, 367
Let x = 10061 - 9327. List the prime factors of x.
2, 367
Let b(y) = 260*y**2 + 93649. What are the prime factors of b(0)?
71, 1319
Suppose 981 = n + 2*g, 21*g - 981 = -n + 16*g. List the prime factors of n.
3, 109
Suppose 14*m - 12*m + 4*h + 172 = 0, 3*m + 258 = -2*h. Let k = -84 - m. Suppose 2*z - 183 + 35 = -3*l, 102 = 2*l + k*z. List the prime factors of l.
2, 23
What are the prime factors of ((-12 - -11) + 14058)*5?
5, 14057
Let q be (-6)/(-8) - 1 - (-198)/(-8). Let m = q - -30. Suppose 2*n + 249 = 5*h + 4*n, 3*h - m*n - 137 = 0. List the prime factors of h.
7
Let s(z) = -9. Let q(c) = -c**2 - c + 9. Let u(n) = -2*q(n) - 3*s(n). Let p(x) = -x**2 + 21*x + 94. Let g be p(-4). What are the prime factors of u(g)?
3, 23
Let x(i) be the first derivative of 97*i**2/2 - 43*i - 85. List the prime factors of x(6).
7, 11
Suppose 2*p = 5*p + 6, 2*p = -t + 22. Suppose -6*h + t*h = 4740. What are the prime factors of h?
3, 79
Let m(d) = d**3 + 25*d**2 - 65*d. Let v be m(-27). Suppose v*p = 287*p + 6660. List the prime factors of p.
2, 3, 37
Suppose -2*v + 9 = 4*k + 1, 5*k - 7 = -4*v. Let y(r) = 52 + 5*r**2 - 7*r - 44 - r**3 - 2*r**2 + k*r**2. What are the prime factors of y(3)?
2, 7
Suppose 9*j + 9*j = 75150. Let w = j - 2742. What are the prime factors of w?
1433
Let k be (52/12 - 4)*528. Suppose 8*y - 6*y = k. List the prime factors of y.
2, 11
Suppose 26 = 19*t - 69. Suppose t*k = 2*n + 3050, 2*k - n - 1838 = -618. What are the prime factors of k?
2, 5, 61
Let j(t) = t**3 + 34*t**2 - 4*t - 54. Let r be j(-33). Suppose -8*z + 161 = -r. What are the prime factors of z?
2, 83
Let r be 392/147*1149/2. Suppose -10*n + 3884 = -5*n + s, -2*n + r = -5*s. List the prime factors of n.
2, 97
Let g(x) = x**3 + 4*x**2 + 3*x + 1. Let c be g(-2). Suppose -2*y = -0*y + 6, -c*y = -m - 117. Let t = m + 233. List the prime factors of t.
107
Let v(s) = 23*s**3 + 8*s**2 + 5*s - 5. List the prime factors of v(6).
5281
Suppose 4*g + 4*m - 37364 = 0, -25*g + m = -27*g + 18688. List the prime factors of g.
13, 719
Let s(d) = 634*d**2 + 64*d + 419. What are the prime factors of s(-6)?
22859
Let x = -316 + 589. Let d = x - 99. Suppose 4*j - 2*j - 116 = -5*t, -3*j = 4*t - d. List the prime factors of j.
2, 29
List the prime factors of ((-2)/3)/(((-184)/(-24) - 7